15, what is -1 - 24477a?
-24477b
In base 3, what is 21000221111 - -10?
21000221121
In base 10, what is -1 + 70013?
70012
In base 10, what is -338 - 247?
-585
In base 7, what is -3 + -1143316?
-1143322
In base 12, what is -1 - -5b738?
5b737
In base 4, what is -1212200 - 3?
-1212203
In base 8, what is -11030 - -14?
-11014
In base 8, what is -1 + 372146?
372145
In base 9, what is 24 + -1717?
-1683
In base 9, what is 0 + 14036?
14036
In base 6, what is -1351 - -35?
-1312
In base 4, what is -3302 - 133?
-10101
In base 3, what is 222201221 - -10?
222202001
In base 5, what is -3044 - 1044?
-4143
In base 10, what is -406563 - 3?
-406566
In base 15, what is -4 + -85b2?
-85b6
In base 9, what is -3 + 121352?
121348
In base 9, what is -5 + -1820074?
-1820080
In base 7, what is 43 - 1432?
-1356
In base 4, what is -21331 + -213313?
-301310
In base 3, what is -12 + 221112101222?
221112101210
In base 14, what is 961a3 - 0?
961a3
In base 14, what is 5249 + -18?
5231
In base 11, what is -178 + 104?
-74
In base 11, what is -320 - 3a?
-35a
In base 10, what is 74827 - 14?
74813
In base 7, what is -5166 - -225?
-4641
In base 2, what is -101 + -111001111000001011?
-111001111000010000
In base 13, what is 2399 - -16?
23b2
In base 3, what is -22010010 - -21202?
-21211101
In base 10, what is 1 + 2438?
2439
In base 15, what is -12404 + -2?
-12406
In base 2, what is -100 + -1010001111100000?
-1010001111100100
In base 12, what is -44607 - -2?
-44605
In base 13, what is c + 1766?
1775
In base 2, what is -10111100100 + -100?
-10111101000
In base 10, what is 795 - 19?
776
In base 16, what is -20 - -1f0?
1d0
In base 6, what is 0 - -123221?
123221
In base 10, what is 594779 - -5?
594784
In base 16, what is -6c4 + -f?
-6d3
In base 10, what is -124201 - -27?
-124174
In base 6, what is 1 + -122330?
-122325
In base 15, what is 3 + 18d9?
18dc
In base 5, what is 12441 - 342?
12044
In base 10, what is -573 + 133?
-440
In base 10, what is 7 + -1654?
-1647
In base 6, what is -422 + -100434?
-101300
In base 4, what is 221121 - 13?
221102
In base 12, what is -43b + 3a41?
3602
In base 11, what is -162183 - 3?
-162186
In base 13, what is 96780a + -4?
967806
In base 8, what is -6626 - -12?
-6614
In base 9, what is -12122 + -5?
-12127
In base 8, what is 23337 - -4?
23343
In base 11, what is -7 + 16a908?
16a901
In base 9, what is 1221 + 13?
1234
In base 8, what is 2116 - -5?
2123
In base 3, what is 21200122 - 120001?
21010121
In base 8, what is -1 + 20324?
20323
In base 5, what is 0 - -142224?
142224
In base 6, what is -101 - -104544?
104443
In base 14, what is -22 + 17d?
15b
In base 10, what is -2 + -485058?
-485060
In base 16, what is 1b604 + -5?
1b5ff
In base 11, what is -1aa1936 - -2?
-1aa1934
In base 3, what is 2 - 120121?
-120112
In base 7, what is 10323540 + 1?
10323541
In base 2, what is -11 + -10100001111111011100?
-10100001111111011111
In base 4, what is -10 + 32220120?
32220110
In base 2, what is 11 - -10100010001010110?
10100010001011001
In base 13, what is -145 - -33b?
1c6
In base 9, what is -664084 - 4?
-664088
In base 5, what is 4040020432 + -10?
4040020422
In base 7, what is 1 + -15154004?
-15154003
In base 3, what is 1 + -2110221212?
-2110221211
In base 16, what is -5b - -bcd?
b72
In base 10, what is -3900 - -26?
-3874
In base 8, what is -22 - -3621?
3577
In base 8, what is 421730 + 0?
421730
In base 8, what is -153 - 0?
-153
In base 10, what is 12017 - -6?
12023
In base 5, what is -100132 - -42?
-100040
In base 10, what is 448635 - -1?
448636
In base 16, what is -105 + -80?
-185
In base 3, what is 1122 + -1110222?
-1102100
In base 15, what is -6b - -69cd?
6962
In base 13, what is 5 - -1a46a?
1a472
In base 6, what is 5422 + -11521?
-2055
In base 15, what is 17b7 - -14?
17cb
In base 15, what is 6b33 - 7?
6b2b
In base 14, what is -265c3 - -4?
-265bd
In base 14, what is -10c74c + -5?
-10c753
In base 11, what is -1452 + -26?
-1478
In base 15, what is 23ee + 3?
2402
In base 4, what is 231 + -330230?
-323333
In base 14, what is 3 - 1351a3?
-1351a0
In base 16, what is 44 - -12c?
170
In base 10, what is -278261 + -9?
-278270
In base 5, what is -301 + -232211?
-233012
In base 7, what is 21260266 + -2?
21260264
In base 7, what is 0 - -23010?
23010
In base 7, what is -31262625 + -4?
-31262632
In base 3, what is 1212 + 1100?
10012
In base 7, what is 1224 - 6?
1215
In base 10, what is -2 + -15898?
-15900
In base 3, what is 1 + -200022000?
-200021222
In base 6, what is -1200 + -35123?
-40323
In base 15, what is 24bec + -20?
24bcc
In base 7, what is -516 + -1104?
-1623
In base 7, what is 3 + 3343644?
3343650
In base 10, what is -3130 - -21?
-3109
In base 4, what is -20212 - 2003?
-22221
In base 3, what is 1101201 - 10102?
1021022
In base 8, what is -35 - -1563?
1526
In base 3, what is -1011 + -122201120?
-122202201
In base 15, what is c359 - e?
c34a
In base 13, what is -631 - 39?
-66a
In base 7, what is 2435 + -1013?
1422
In base 4, what is -201211120 + 3?
-201211111
In base 7, what is -4 + 20116?
20112
In base 12, what is 1 - -10a9ab?
10a9b0
In base 11, what is -a + 427?
418
In base 2, what is 111011101000111 + 1111?
111011101010110
In base 8, what is 1 - 6105?
-6104
In base 13, what is -2 - -9494?
9492
In base 10, what is -577 - 168?
-745
In base 13, what is 173 - 1992?
-181c
In base 11, what is 3 - -8122?
8125
In base 10, what is -9746 - 6?
-9752
In base 14, what is bc0c0 + 6?
bc0c6
In base 10, what is -68997 + -3?
-69000
In base 10, what is -8 - 29551?
-29559
In base 2, what is 11 + 10111000001110011?
10111000001110110
In base 9, what is -203634 + 32?
-203602
In base 13, what is 3542 - -81?
35c3
In base 16, what is e47 + -15c?
ceb
In base 12, what is -1 + -1011b0?
-1011b1
In base 2, what is -101101101001011000010 + -101?
-101101101001011000111
In base 7, what is -216551 - -11?
-216540
In base 15, what is 4e92 + -4?
4e8d
In base 16, what is 1b + -160f8?
-160dd
In base 5, what is 10041432 + -4?
10041423
In base 12, what is 167 + -43?
124
In base 8, what is 4207 + 2?
4211
In base 2, what is 1100000 - -1010011110010?
1010101010010
In base 6, what is 144 + 2422?
3010
In base 10, what is 891324 + 5?
891329
In base 14, what is 5 - -30b?
312
In base 10, what is 19785 + 41?
19826
In base 10, what is 9924 + 70?
9994
In base 11, what is 5 - 245208?
-245203
In base 9, what is -253361 - -1?
-253360
In base 16, what is 44ff5 + -5?
44ff0
In base 7, what is -64153 + -41?
-64224
In base 4, what is -103 - 211?
-320
In base 14, what is 1b90a + -1?
1b909
In base 2, what is -1011101100 - 111?
-1011110011
In base 10, what is -462 + -7386?
-7848
In base 14, what is 2b - -186?
1b3
In base 12, what is 39a2 + 39b?
4181
In base 14, what is -15cc0 + -2?
-15cc2
In base 16, what is 90c2 - 7?
90bb
In base 4, what is -2013103 - -11330?
-2001113
In base 15, what is 33 + 633c?
6370
In base 4, what is 3313103 - 3?
3313100
In base 8, what is -32542 - 5?
-32547
In base 3, what is -21221 + -1212?
-100210
In base 3, what is 2122012011 + -102?
2122011202
In base 7, what is -20 + -14440?
-14460
In base 13, what is 104 + -15?
bc
In base 7, what is 1136 - -1532?
3001
In base 5, what is 4 - 230212?
-230203
In base 13, what is 619 + 1057?
1673
In base 11, what is -62a - 4?
-633
In base 16, what is 1d744 + 8?
1d74c
In base 6, what is 15 - -341451?
341510
In base 7, what is -65 - 1000?
-1065
In base 9, what is 17053 + 2?
17055
In base 15, what is 506 - 23d?
2b8
In base 6, what is -2 + -2012313?
-2012315
In base 3, what is -12 - -111110111011?
111110110222
In base 4, what is 3230 - 12?
3212
In base 11, what is 2186478 - 0?
2186478
In base 12, what is -165 + 6b6?
551
In base 13, what is 1b9 + -35?
184
In base 10, what is -73374 - 14?
-73388
In base 10, what is 1881 - 37?
1844
In base 8, what is 0 - 6015?
-6015
In base 8, what is 0 + -22307?
-22307
In base 13, what is 4 - 4838?
-4834
In base 12, what is -3 - 76781?
-76784
In base 8, what is 4 - -3413?
3417
In base 3, what is -2220 - -10?
-2210
In base 15, what is 38 - b?
2c
In base 10, what is -3 - 66860?
-66863
In base 8, what is 103517 - -74?
103613
In base 13, what is 3 - -14625?
14628
In base 4, what is -131 + -31232222?
-31233013
In base 13, what is 621 + 5?
626
In base 3, what is -1120 - -110112102?
110110212
In base 13, what is -5bc3 - 3?
-5bc6
In base 2, what is -1001110011